
False
Is 4207 a composite number?
True
Is 8353 prime?
True
Is 7971 composite?
True
Is 30449 a prime number?
True
Is 25253 a composite number?
False
Is 269237 composite?
False
Is 31121 composite?
False
Is 1114073 prime?
False
Is 14923 prime?
True
Is 197339 prime?
True
Is 2466845 a prime number?
False
Is 23917 prime?
True
Is 168043 prime?
True
Is 542433 prime?
False
Is 48527 composite?
False
Is 61613 prime?
True
Is 1511 a prime number?
True
Is 63701 a composite number?
True
Is 858367 composite?
True
Is 38299 a prime number?
True
Is 26759 composite?
False
Is 16637 prime?
False
Is 199 composite?
False
Is 343769 a composite number?
False
Is 14939 prime?
True
Is 11369 a composite number?
False
Is 1796941 composite?
False
Is 459593 composite?
False
Is 6539 composite?
True
Is 1163 a prime number?
True
Is 179609 a prime number?
False
Is 57217 prime?
False
Is 1468477 composite?
True
Is 52433 prime?
True
Is 266223 a composite number?
True
Is 50851 a prime number?
False
Is 242591 a prime number?
True
Is 137699 a composite number?
False
Is 24649 a composite number?
True
Is 11213 prime?
True
Is 34139 composite?
True
Is 3543 a composite number?
True
Is 27169 composite?
True
Is 4353 composite?
True
Is 978171 prime?
False
Is 17449 prime?
True
Is 5501 a composite number?
False
Is 158677 a prime number?
False
Is 7477 prime?
True
Is 27677 a composite number?
True
Is 100805 a composite number?
True
Is 43163 a composite number?
True
Is 3569 prime?
False
Is 56557 prime?
False
Is 16183 a composite number?
False
Is 3127633 a composite number?
False
Is 497 a prime number?
False
Is 533101 a prime number?
False
Is 108497 composite?
False
Is 58559 a composite number?
True
Is 149993 a prime number?
True
Is 7817 composite?
False
Is 55369 composite?
True
Is 5935 prime?
False
Is 133253 a prime number?
True
Is 26135 prime?
False
Is 8939 a composite number?
True
Is 25483 a prime number?
False
Is 37079 composite?
True
Is 38017 prime?
False
Is 142403 a composite number?
False
Is 114974 prime?
False
Is 136169 a prime number?
False
Is 703697 a composite number?
True
Is 8287 composite?
False
Is 411311 composite?
False
Is 223061 composite?
False
Is 21541 composite?
True
Is 11389 composite?
True
Is 8263 a prime number?
True
Is 38021 a composite number?
True
Is 4303 prime?
False
Is 30917 composite?
True
Is 252409 a composite number?
False
Is 4633 composite?
True
Is 97269 a prime number?
False
Is 4783 a prime number?
True
Is 33505 composite?
True
Is 115606 composite?
True
Is 38039 composite?
False
Is 25079 a prime number?
False
Is 43837 a composite number?
True
Is 2879 composite?
False
Is 125681 a composite number?
True
Is 21631 a prime number?
False
Is 107963 a prime number?
False
Is 58363 composite?
False
Is 1029683 composite?
True
Is 8287 a prime number?
True
Is 294919 prime?
True
Is 6385 a prime number?
False
Is 117959 a prime number?
True
Is 902879 a composite number?
True
Is 354779 composite?
False
Is 1655 composite?
True
Is 33751 a composite number?
False
Is 534721 prime?
False
Is 207277 composite?
True
Is 11579 a prime number?
True
Is 65791 prime?
False
Is 3640721 composite?
True
Is 117497 a prime number?
True
Is 930479 prime?
False
Is 93739 prime?
True
Is 61211 prime?
True
Is 321 a prime number?
False
Is 3407 composite?
False
Is 24511 a prime number?
False
Is 904157 a prime number?
True
Is 2256781 composite?
False
Is 94661 composite?
True
Is 276173 a prime number?
True
Is 52147 composite?
False
Is 2801035 prime?
False
Is 709739 prime?
True
Is 4583 a composite number?
False
Is 32605 composite?
True
Is 259127 a composite number?
True
Is 72571 prime?
False
Is 65257 a prime number?
True
Is 51457 a composite number?
True
Is 15913 a prime number?
True
Is 20807 prime?
True
Is 12401 prime?
True
Is 37307 prime?
True
Is 30511 a prime number?
False
Is 11311 a prime number?
True
Is 9127 prime?
True
Is 41387 prime?
True
Is 8549 a prime number?
False
Is 53 a composite number?
False
Is 67733 a prime number?
True
Is 14183 a prime number?
False
Is 239021 composite?
True
Is 59809 composite?
False
Is 105929 prime?
True
Is 66809 a prime number?
True
Is 1147819 prime?
True
Is 3251 prime?
True
Is 5027 composite?
True
Is 122069 a prime number?
True
Is 118127 a prime number?
True
Is 1267381 a composite number?
False
Is 2459 a composite number?
False
Is 6739 a prime number?
False
Is 54251 composite?
False
Is 157153 prime?
False
Is 7715 a prime number?
False
Is 62459 prime?
True
Is 90353 a prime number?
True
Is 118303 a composite number?
True
Is 2595737 composite?
False
Is 1548961 a prime number?
True
Is 5513 a composite number?
True
Is 479131 a composite number?
False
Is 107141 a composite number?
True
Is 238399 composite?
True
Is 62593 a composite number?
True
Is 5779 a prime number?
True
Is 79881 a composite number?
True
Is 166 a prime number?
False
Is 22199 composite?
True
Is 2913697 prime?
True
Is 2579 a prime number?
True
Is 41573 composite?
True
Is 9091 a prime number?
True
Is 2814499 a composite number?
False
Is 37139 composite?
False
Is 38783 composite?
False
Is 1532063 a prime number?
False
Is 117161 composite?
True
Is 60739 composite?
True
Is 42043 prime?
True
Is 45379 a composite number?
True
Is 43235 prime?
False
Is 12399 a composite number?
True
Is 341171 composite?
False
Is 190261 a prime number?
True
Is 18737 a prime number?
False
Is 1213949 a composite number?
True
Is 27473 a composite number?
True
Is 7737 a composite number?
True
Is 286747 prime?
False
Is 3989 a prime number?
True
Is 1102791 a prime number?
False
Is 4105 composite?
True
Is 121127 composite?
True
Is 1201 composite?
False
Is 1163 prime?
True
Is 26254 prime?
False
Is 11369 composite?
False
Is 1072041 prime?
False
Is 197731 a prime number?
False
Is 127045 a prime number?
False
Is 596067 prime?
False
Is 46855 a prime number?
False
Is 129169 a prime number?
True
Is 14099 a prime number?
False
Is 57263 composite?
True
Is 117497 a prime number?
True
Is 7039 prime?
True
Is 10561 a prime number?
False
Is 3755 a composite number?
True
Is 229247 a composite number?
False
Is 8053 a prime number?
True
Is 3719 a composite number?
False
Is 628589 prime?
False
Is 10391 a prime number?
True
Is 142583 a composite number?
True
Is 324293 composite?
False
Is 19417 composite?
False
Is 139985 composite?
True
Is 1733 a prime number?
True
Is 308639 composite?
False
Is 25901 a prime number?
False
Is 5339 a composite number?
True
Is 4715387 a prime number?
False
Is 331 a composite number?
False
Is 75329 a prime number?
True
Is 15746 a prime number?
False
Is 10289 a prime number?
True
Is 57403 composite?
True
Is 11959 prime?
True
Is 150791 prime?
True
Is 154189 a prime number?
False
Is 61031 a prime number?
True
Is 13738 prime?
False
Is 3571 a prime number?
True
Is 2803501 composite?
True
Is 667 prime?
False
Is 12227 composite?
False
Is 32113 a prime number?
False
Is 923833 a composite number?
False
Is 1073 prime?
False
Is 555553 a prime number?
False
Is 137593 a composite number?
False
Is 11453 composite?
True
Is 493 prime?
False
Is 9523 prime?
False
Is 320937 composite?
True
Is 148343 prime?
False
Is 390895 a prime number?
False
Is 8537 a composite number?
False
Is 16529 a composite number?
False
Is 2563 composite?
True
Is 238559 a prime number?
False
Is 3101 composite?
True
Is 40465 a composite number?
True
Is 97 prime?
True
Is 5167 a composite number?
False
Is 56698 a composite number?
True
Is 3194 composite?
True
Is 319 a composite number?
True
Is 17401 prime?
True
Is 351121 prime?
True
Is 1631 a prime number?
False
Is 366787 a prime number?
True
Is 12653 composite?
False
Is 215018 a composite number?
True
Is 33119 a prime number?
True
Is 70687 composite?
False
Is 3079 a composite number?
False
Is 499969 a prime number?
True
Is 1307486 a prime number?
False
Is 74071 a prime number?
True
Is 106003 prime?
False
Is 21673 composite?
False
Is 23659 a prime number?
False
Is 133577 prime?
False
Is 47087 composite?
False
Is 123077 prime?
True
Is 29779 composite?
True
Is 306079 a prime number?
False
Is 36251 a prime number?
True
Is 87199 a composite number?
True
Is 36649 a prime number?
False
Is 6197 a prime number?
True
Is 81121 composite?
True
Is 737039 prime?
True
Is 475327 a composite number?
False
Is 97809 composite?
True
Is 4505041 a compo